 + j - 34 = 2*k. Let l be k - (-7)/(21/12). What is the units digit of u(l)?
9
Suppose -496 = 8*c - 5256. What is the tens digit of c?
9
Suppose -2*q + w = -7, -5*q - 1 = 5*w + 19. Let t = -7 - -12. What is the units digit of (3 - t) + q + 2?
1
Let q be (75 + -67)/((-2)/(-5)). Suppose 0*y + 36 = y. Let j = y - q. What is the units digit of j?
6
Suppose 0 = -m + t + 1553, 5*m - 8704 = -2*t - 925. What is the units digit of m?
5
Let w = -62 + 19. Let v = w - -170. What is the tens digit of v?
2
Let n = 2177 - 1294. What is the tens digit of n?
8
Suppose -b + 4*g = -367, -2*b + 11*g = 15*g - 698. What is the hundreds digit of b?
3
Suppose -6*r + 10*r - 1056 = 0. Suppose y = 4, -r = 5*d + 5*y - 924. What is the hundreds digit of d?
1
Let u(d) = 33*d**2 - 7*d - 42. What is the tens digit of u(12)?
2
Let l be 1*(-2)/4 + 1394/4. Suppose n - 4*o = -2*n + l, -o = 3. What is the units digit of n?
2
Let g = 24 + -12. Let n(b) = b**3 - 11*b**2 - 13*b + 12. Let c be n(g). Let x(j) = -2*j + 41. What is the tens digit of x(c)?
4
Let z(a) = a**2 - 48*a + 234. What is the tens digit of z(56)?
8
Suppose -8*g - 5*x = -9*g + 669, 0 = 5*x + 25. What is the tens digit of g?
4
Suppose 5 = r - 5*f + 229, f = -4*r - 980. Let m = -77 - r. What is the hundreds digit of m?
1
Let b(d) = -d**2 + 89*d + 74. What is the tens digit of b(37)?
9
Suppose -6*c + 63 = 9. What is the units digit of c?
9
Let b = 91 + -41. Suppose -3*w - b + 347 = 4*v, 5*v - 366 = -2*w. What is the tens digit of v?
7
Let u(r) = 145*r**2 - 69*r**2 - 75*r**2 + 19 + r. What is the hundreds digit of u(-10)?
1
Let p(t) = t**3 - 14*t**2 - t + 18. Let k be p(14). What is the tens digit of 16562/143 - k/(-22)?
1
Let l = 1 + -1. Suppose -190 = -2*p - l*p. What is the tens digit of p?
9
Suppose -4*w - w + 10 = 0. Let z(r) = 43*r + 6. What is the tens digit of z(w)?
9
Let k be (-27)/(-2) - (-1)/2. Let s be (-13640)/(-279) + 1/9. Suppose 5*j + k - s = 0. What is the units digit of j?
7
Suppose 29 = 5*u - 4*x, 14 = 5*u + 5*x - 51. Suppose 28 = 4*h - 64. Suppose h - u = 2*l. What is the units digit of l?
7
Let f be 2/(1 + 1) - -2. Let k(d) = -5*d - 17. Let g(i) = 3*i + 8. Let t(j) = 9*g(j) + 4*k(j). What is the units digit of t(f)?
5
What is the units digit of (-1650)/(-60)*(0 + 1278/15)?
3
Let u be (-4)/(-2) + (-8 - -14). Let w = u - -68. What is the units digit of w?
6
What is the tens digit of ((816/(-15))/(-4))/((-8)/(-240))?
0
Let w(s) = 8*s**2 - 2*s + 1. Let d be w(1). Let j = -9 + d. What is the units digit of (j - 1)/(-3)*3?
3
Suppose 0*w + w + 3*m - 3 = 0, 5*w - 5*m = 95. Let s be (1 - (-28)/8)*(-12)/9. Let d = w - s. What is the tens digit of d?
2
Let a(s) = -520*s + 27. What is the tens digit of a(-3)?
8
Suppose -5 = 4*j - 21. Suppose j*f - g - 14 = g, -3*f = g - 3. Suppose -f*p + 165 = 3*p. What is the tens digit of p?
3
What is the units digit of (367175/(-570))/((-1)/6)?
5
Let s(j) = j**3 - 2*j**2 + 2*j + 4027. What is the thousands digit of s(0)?
4
Suppose 0 = -4*l + 14 - 10. Suppose 3*y - 7 + l = 0. What is the tens digit of y/3 + (-528)/(-18)?
3
Let y(x) = 24*x - 91. What is the units digit of y(4)?
5
Suppose -3*o + n = -2, -4*n = o - 6*o - 6. Suppose q - 2*g = 56, -g + o*g = 4*q - 196. What is the tens digit of q?
4
Let m = 35 - 15. Let k = m + -13. Suppose -2*r + k*r - 20 = 0. What is the units digit of r?
4
Let q(m) = -m**2 - 13*m - 16. Let n be q(-12). Let c(z) = -z**3 - 2*z**2 - 2*z + 3. What is the tens digit of c(n)?
4
Let q(j) = 27*j - 3 - 1 + 20*j - 2. Let r be q(3). Suppose -5*p = 5*s - r, -p = 4*s - 7 - 8. What is the units digit of p?
1
Suppose 3*m = 82 - 1. What is the units digit of m?
7
Let i(v) = -v**3 + 6*v**2 - 5*v + 5. Let w be i(5). Suppose -4*c + 3*g + 35 = -0*g, -c = -w*g - 30. What is the units digit of 21/c - 3/15?
4
Suppose 0 = 3*d - 3*n - 4668, 9*d + 4*n = 7*d + 3088. What is the hundreds digit of d?
5
Let j = -1181 - -1687. What is the hundreds digit of j?
5
Let h = 10 - 12. Let m(a) = -10*a - 1. Let p(o) = -o. Let q(x) = h*p(x) + m(x). What is the units digit of q(-1)?
7
Suppose -3*i + 1388 = 3*k - i, -4*k + 1854 = 2*i. What is the units digit of k?
6
Let c(p) = 2*p**2 - 6*p + 7. Let m = -3 + 18. Let s be m*1/(-6)*-2. What is the tens digit of c(s)?
2
Let n(q) = -2*q**2 - 57*q - 7. What is the units digit of n(-27)?
4
What is the tens digit of (294/(-5))/(15/(-225))?
8
Let o be 756/(-105)*(-410)/4. Suppose 18*s = 9*s + o. What is the units digit of s?
2
Let z(s) = -s**3 + s**2. Let q be z(2). Let v = 30 - q. What is the tens digit of v?
3
Suppose -364 = -8*p + 4844. What is the tens digit of p?
5
Let a(j) = -2*j - 11. Let k be a(-4). What is the units digit of -4*(-2)/(-24) - 196/k?
5
Suppose -2*c + y + 1352 = 0, 2*c - 2*y + 589 = 1943. What is the hundreds digit of c?
6
Suppose -2*l + 11*l = 1791. What is the hundreds digit of l?
1
Suppose -217*s + 231*s - 10388 = 0. What is the hundreds digit of s?
7
Let o(s) = -3*s + 11. Let i be o(6). What is the units digit of 0/(-1) + 0 - i?
7
Let g = 103 - 60. What is the tens digit of (2 - 6)*g/(-4)?
4
Suppose 0 = -5*i + 6 + 14. Suppose 2*v + i*a + 52 = 4*v, 0 = v - 5*a - 23. What is the tens digit of v + 3 + 5 + -1?
3
Suppose -5*u - 2*m + 565 = m, 3*u = -2*m + 340. Suppose -5*d + 755 = -u. What is the units digit of d?
3
Let d = 9 + -5. Suppose 19 + 9 = d*q. What is the units digit of q?
7
Suppose -2*r + 9 = -j, 0*r + 5*j + 13 = 2*r. Suppose 0 = -0*w + 4*w + r*b - 236, -b = -1. What is the units digit of w?
8
Let f = 29 + -64. Let b = f - -68. Let i = -3 + b. What is the units digit of i?
0
Let z(y) = -4*y**2 - 8. Let w be (-3 - (-1 - 0)) + -2. Let o be z(w). Let u = o + 105. What is the units digit of u?
3
Let w(c) = 33*c**2 + 27*c - 7. What is the hundreds digit of w(5)?
9
What is the hundreds digit of (443*3)/(7*(-9)/(-63))?
3
Suppose 5925 = 29*p - 4*p. What is the units digit of p?
7
Let q = 114 + 1003. What is the thousands digit of q?
1
What is the tens digit of 12/(-10 + -38) - (-4250)/8?
3
Suppose x = -0*x + 8. Let q be 1 + x + (-1 - 1). Suppose -3*k + 7 - 24 = -s, 2*s + 3*k = q. What is the units digit of s?
8
Let l be (-75)/(-21) + 20/(-35). What is the hundreds digit of (-1)/((l/501)/(-1))?
1
Let w = 200 + -6. What is the hundreds digit of w?
1
Let n = 1354 - 1225. What is the units digit of n?
9
Let p = 13 - -67. Suppose 2*t + 0*t - p = 2*w, -2*t + 3*w = -82. What is the units digit of t?
8
What is the tens digit of (-4146)/(-2) + 16/(-16)?
7
Let d(l) = 15*l - 7. Let a be d(-9). What is the tens digit of (a/6)/(3 - (-112)/(-36))?
1
Suppose -6*d = 161 + 103. What is the units digit of (d - -17)/((2/1)/(-2))?
7
Let o be 174 - 2/4*-6. Suppose 5*h + 0*m - o = -2*m, -2*h + 4*m = -90. What is the units digit of h?
7
Let m(k) = -5*k - 6. Suppose 0 = -3*t - 16 - 2. Let h be (t - -7)/(2/(-8)). What is the units digit of m(h)?
4
Let i be 6/5*(-10)/(-3). Suppose i + 22 = b. What is the units digit of b?
6
What is the units digit of (10/4)/((-20)/(-1488))?
6
What is the tens digit of 717 - 2*(-7)/2?
2
Suppose 120 = -4*b + 2*c, b - 5*c + 0*c + 30 = 0. Suppose 5*r + 21 = 2*r. Let k = r - b. What is the tens digit of k?
2
Let c = 66 - -6. Let z = c + -50. What is the tens digit of z?
2
Let u(g) = -4*g**3 + 5*g**2 - 3*g + 1. Let h be u(3). Suppose p + 3*p - 154 = 5*y, 0 = -2*y - 2*p - 58. Let v = y - h. What is the units digit of v?
1
Let r be (-12)/(-4) + 3 + -4. Let w be r + -2 - (-24)/(-2). What is the units digit of w/30 + 94/10?
9
Suppose -u = 2*q - 13, 4*u - 16 = 4. Suppose 14 = s - 3*m, -q*s + 33 = m + 3. Suppose -3*b = -s*b - 2*j + 48, 3*j = 4*b - 43. What is the units digit of b?
0
Let m(v) = 6 - v - 17 + 10*v**2 + v**3 - v. What is the units digit of m(-10)?
9
Suppose -4 = 2*b + j + 7, -2*j - 7 = b. What is the units digit of b + 2 - 44/(-2)?
9
Suppose 3*p - 4*j - 1969 = 2446, -3*p = 3*j - 4380. What is the tens digit of p?
6
Let f = 1081 - 479. What is the tens digit of f?
0
Let i(u) = u - 4. Let o be i(4). Let p be 5 - 2 - o - 25. Let c = 43 + p. What is the tens digit of c?
2
Let q = -679 + 1066. What is the units digit of q?
7
Let x be (30/10)/(6/4). What is the units digit of -2*(4 - 69/x)?
1
Let j be -1 + (-2 - (-3 - 2)). Suppose j*a + 71 = y, -y + 5*a - 158 = -4*y. What is the units digit of y?
1
What is the h